1 - (104 - 150 - -27)).
73
Evaluate -22 + (20 - 6) + 2 + -19.
-25
What is the value of -24 - ((113 - 112 - (-9 - -3)) + -31)?
0
What is 9 + -8 + -39 + (95 - 77)?
-20
What is the value of -5 + -21 + -15 + 28 + (35 - 8)?
14
0 + 6 - (26 + (-21 - 5) + 28 + -19)
-3
Calculate (6 + -24 - (-17 - 17)) + 11.
27
What is 105 + -38 - (261 + -131)?
-63
Calculate (-153 - -7) + (1850 - 1789).
-85
-5 + (15 + (-22 - (-8 + 10)) - -15 - 11)
-10
-5 + -84 + 11 + (-15 - (-16 - (-12 + 15)))
-74
13 + 13 + -39 + 0 + (-5 - -40)
22
Evaluate 0 - -34 - (-16 + -70 - -101).
19
Evaluate (30 + 8 - (155 - 163)) + (-7 - 0).
39
What is 1 + 7 + -46 + 2 + (190 - 178)?
-24
What is the value of 0 + 1 + -34 - (-23 - (-15 - -3))?
-22
Evaluate -20 + (4 + -10 - -68).
42
Evaluate -11 - (-7 - ((-6 - -7 - 7) + 11)) - -18.
19
What is the value of (-22 + 33 - 18) + (2 + -2 - -55 - 3)?
45
Calculate 14 + -14 + -8 + (8 - 10) - (-87 + 2).
75
What is the value of 43 - (-122 - (-46 - 25))?
94
What is the value of 3 + 143 - (-45 - (-87 + (-38 - -59)))?
125
What is 155 + 1 - (-84 + 17 - -89) - (3 - 0)?
131
(-10 - (7 + -9)) + (-41 - (-18 + 9))
-40
What is the value of 14 - 43 - (-6 + 18 + 8 + -4)?
-45
Evaluate -55 + (58 - 22) + -7.
-26
Evaluate 20 + 16 + -13 - -6.
29
-38 + 4 - (-22 - 24 - 73)
85
Evaluate -17 - (28 + -37 - 35).
27
What is -53 + 79 - (19 + -2) - -20?
29
Evaluate 109 + -162 + 66 + 68.
81
What is the value of 256 + -194 + -10 + -99?
-47
What is the value of (-110 + 59 - -56) + -5?
0
What is (-7 - 0) + 0 + 30 + 18?
41
Evaluate (-16 - -2) + (10 - 34 - (-23 - -2)).
-17
What is (-2 - -2) + -6 + 1 + 3 + 52 + 1?
51
Evaluate -68 - (-15 + -12) - (-11 - 135).
105
(-11 - -9) + -12 + 24 + -9
1
Evaluate (13 - 33) + -12 + (10 - (11 + 5) - -26).
-12
What is (-7 - -54) + -18 + (-66 - 7)?
-44
Evaluate -1 + (10 - -3) + -4 + -3 + -9 + 6.
2
What is the value of 3 - (-42 + (-27 - (9 + 0 + -24)))?
57
Calculate 7 + 56 + 343 + -349.
57
-12 + (74 - 121 - -46)
-13
What is the value of (105 - 104) + -6 + (22 - 0)?
17
Evaluate -81 + 81 + (-76 - -134).
58
What is -14 + 9 + 11 + 0 - (-60 - -66)?
0
What is 1 + (28 + -21 - -2) + 4?
14
What is the value of -2 - ((-27 - 21) + -8 + 10 + (-1 - 1))?
46
Evaluate 23 + (-24 + 20 - 4 - -19 - -6).
40
Calculate -75 - (-1 + (-13 - 43)).
-18
(-5 - -7 - -3) + 130 + -14 + 61 + -55
127
What is -1 + 1 + (-32 - (46 + -83)) + (-31 - 1)?
-27
Evaluate (13 + -6 - 0) + 6 + -1 + (0 - -55).
67
Evaluate -37 - (11 - (-7 + -12 + 36)).
-31
What is 34 + (-38 - -33) + -5 - -50?
74
Calculate 6 + 26 + -4 - (188 + -213).
53
Evaluate 167 + (-72 - (-39 - 7) - 13).
128
What is the value of 0 - 6 - (-131 + (-72 - -146))?
51
Evaluate 1 - 68 - (2 - ((-17 - -52) + -27 + -10)).
-71
What is the value of (2 - (1 + -5 - (-26 + 4 + 7))) + -5?
-14
Calculate -42 - (-65 - -90) - -7.
-60
What is 27 + -6 + 1 - (-1719 - -1615)?
126
Calculate 33 - ((150 - -169) + -158).
-128
Calculate -67 - (46 + -67 - 90).
44
What is (-46 - (-14 - -58)) + 70?
-20
-39 + 4 - (-62 - -32) - (1 - 11)
5
Calculate 5 - 4 - -7 - ((-17 - 4) + (-2 - -12)).
19
Evaluate 68 - (28 + 36) - (2 + -4 - -7).
-1
Calculate (-2 + 10 - (17 + (-12 - 5))) + -59 + 4.
-47
What is (62 + -82 - -46) + 57?
83
Calculate 15042 + -15036 + -57 + -1 + 0.
-52
Calculate 52 - 1 - (-14 - (10 + -32) - -7).
36
What is the value of -42 + 120 + -3 + (23 - 32)?
66
Calculate (-94 - -149 - 67) + 11 + -2.
-3
Calculate 3 + (-6 - 62) - ((-35 - -1) + 20).
-51
Evaluate (-7 + -5 + 15 + -83 + -8 - -5) + 7.
-76
Calculate 25 + -44 + (2 - -64).
47
Evaluate -87 - ((-11 - (-1 - 12)) + -21 - -26).
-94
(27 - 6) + 0 + 26 - -5
52
What is the value of 0 + (-4 - -10) - (-5 + (15 - 5)) - 5?
-4
What is the value of 0 + 73 + (-66 - (-39 + -39)) + -3?
82
Calculate -2 + (12 - 5 - (7 - 14)) + -12.
0
28 + 28 + -12 + 4 + 4
52
What is the value of 25 + (-68 - -20) + (196 - 88)?
85
Calculate (-38 - -61 - 27) + -37 + 6.
-35
What is the value of (1 - -5 - -5) + (367 - 295)?
83
What is the value of 16 + -21 + 8 - (43 - 24)?
-16
What is the value of 13 - ((2 - 28) + 15 - (-118 - (2 - 6)))?
-90
What is 13 + (-9 - (-29 + (-9 - -21)) - 87)?
-66
Calculate 90 + (2 - 1) - (33 + -173 + 156).
75
Calculate 129 + (-127 - (128 - 81)).
-45
Calculate 9 - 56 - (80 + -118).
-9
-16 - (-25 + 9 + 5 - 22)
17
48 - (-22 - (-13 - 40)) - (-3 + 82)
-62
Calculate (44 - 3) + (0 + 0 - (31 + -35)).
45
What is (31 - (4 - 1)) + (14 + 33 - 53)?
22
What is -334 + 459 + -49 + -1 - (-1 - 1)?
77
-120 - (-27 + -92) - ((2 - 9) + 3 + 0)
3
(14 - -1) + -7 + 5 - (-1 - -14)
0
Calculate -12061 + 12037 - (-36 + 1).
11
Calculate 8 + (-13 - (-8 + -14)) - 22.
-5
What is -4 + 5 + -2 - (-27 + 18 + -31)?
39
Evaluate 65 - (84 + -51) - 24.
8
What is -9 + 9 - (-3 + 35 + (0 - -8))?
-40
What is 28 - (12 + 12 + -9) - (14 - 8)?
7
5 - (16 - (3 - 0)) - (3 + (3 - -3))
-17
What is the value of -57 - 2 - (17 + 9 + -25) - (2 + 2)?
-64
Evaluate 69 + 2 + 42 + -112.
1
What is -67 - (-91 - (54 + -43))?
35
Evaluate 13 + (-168 - (-23 + 24 + -16) - -18).
-122
What is 90 + -322 + 155 + -18?
-95
Calculate (-7 - -82) + 13 + -29 + -14 + 17.
62
Calculate -47 + 61 - (10 + 109 - 22).
-83
What is (3 - 8 - -4) + (2 + (5 - 12) - -66)?
60
Evaluate -11 + 0 - (-21 + -29 + 64 + -13).
-12
What is the value of -1 + -8 + 71 + -59 + 48 + 40?
91
What is 21 - (-224 + (-11 - -144))?
112
What is 65 + (-38 - -18 - -7) + -11?
41
Calculate -5 + -109 + 27 + (-23 - 4).
-114
8 + -10 - (17 + -28) - (13 - 35)
31
Evaluate 10 - (236 + -214) - (93 + 0).
-105
Evaluate 95 + -12 + 1 + -48.
36
Evaluate (386 - 346) + 0 + -6.
34
What is 0 - -1 - ((10 + -6 + -11 - 45) + 16)?
37
Evaluate -24 + (161 - (101 + -6)).
42
1 + (191 - 120) - (17 + -1)
56
Evaluate 1 - -84 - (-124 + (99 - -38)).
72
What is -89 + -88 + 297 + -79?
41
What is (-12 - (5 - -10 - 24)) + 0 + -4 + 5?
-2
What is (-6 - -4) + 9 + (2 - (5 - -42))?
-38
(19 - -1) + (-67 - -63 - 0)
16
Evaluate (1 + 3 - (-2 + -2)) + (-45 - (38 + -46)).
-29
What is -26 - (-90 - (17 + (-61 - -24)))?
44
Calculate (-1 + (-4 - -5 - 9) - 0) + -10.
-19
What is the value of -10476 + 10444 + -1 + 48?
15
Calculate 1 + (20 - 18 - -31) + 0.
34
Calculate -88 + (4 - 7 - -36) - 28.
-83
What is -79 + (123 - (-14 + 113))?
-55
What is the value of -38 - -130 - 45 - 57?
-10
75 + -180 + (-12 - 14)
-131
Calculate -21 + 58 + -27 - 11.
-1
What is 28 - -62 - (22 + 24)?
44
62 + (53 - (8 - -95))
12
What is -2 + -58 + (-13 - (-16 - 20))?
-37
What is the value of -4 + (-10 - 1) + 44 + (16 - 4 - 16)?
25
18 + 24 - (16 + -29 + 22)
33
What is the value of (-1 - -3) + (42 - (25 + 26 - 62))?
55
Calculate (-129 - -149) + -15 + -8.
-3
What is ((-45 - -27) + 33 - (-7 + 0 + 2)) + -4?
16
What is the value of 3185 + -3169 - (56 + 0)?
-40
What is the value of (-4 - -26) + (200 - 185) - -2?
39
-5 + ((-11 - -14) + 19 - 11) - 35
-29
Evaluate -7 - 5 - (-189 + 198 - (31 - 1)).
9
Evaluate -22 - (-1 + -10 + (11 - 9 - -2)).
-15
What is 86 + (-7 - 40) + 128 + -106?
61
Evaluate -10 + (0 - -1 - (9 + 0) - -10) + 6.
-2
(0 + 47 - (64 - 61)) + 2
46
What is the value of 0 + (-9 - 4) + (5 - 7) + -24?
-39
What is 44 + 0 + (1 - -1) + -7?
39
Calculate -1 + (-26 + 1 - (263 - 311)).
22
What is the value of 5 + (323 - 273 - (-6 - (2 - 2)))?
61
What is (-26 - 9 - -56 - 22) + -36?
-37
Evaluate 124 + -132 - (-5 - (2 - (2 - -3))).
-6
What is the value of 15 + -51 + -7 - (-33 - -36)?
-46
What is the value of -34 - (-8 + 5) - (-761 - -773)?
-43
What is -32 + (-67 - -5) + 109?
15
What is the value of (-2 - 24) + (63 - 74) + 62?
25
What is the value of (13 - 54 - -23) + -1 + 1 + (0 - -4)?
-14
What is the value of -13 - (-12 - -21) - -15 - -13 - (1 + 38)?
-33
-55 + (106 - 75) - (2 - 23)
-3
What is (393 - 362 - (28 - -1)) + 0 + 15?
17
What is 4 + -10 - (-26 + 5) - 6?
9
What is the value of -67 + 5 + -4 - (-44 + 42) - 2?
-66
What is the value of (-16 - 4) + -2 + -3 + (-3 - 6)?
-34
What is the value of (4 + 14 - -2) + 204 + -195?
29
(-6 - -9 - -6) + -2 + 0 + (-76 - 3)
-72
Calculate (37 - 137) + 93 - -20.
13
Calculate (6 + -10 + 6 - (-54 - 0)) + (2959 - 2963).
52
Evaluate 1 + 25 - (47 + (-75 - -21)).
33
Evaluate 9 - (-3 + 9 + -8) - (9 - 14).
16
Calculate (4 + 10 + 15 + -22 - 54) + -2.
-49
What is (2 - (-1 - 47)) + -79 + -52 + 132?
51
Calculate 7 + ((173 - 20) + -11 - (3 + -9 + 4)).
151
-107 - (32 - 165 - -79)
-53
(-123 - -203) + -7 + -5 + 1 + -4
65
Eval